-56 + 212. What is the tens digit of r?
5
Let s be 2 + 2/6*0. Suppose s*m - 43 - 49 = 0. What is the units digit of m?
6
What is the units digit of (-100)/(-6)*21/14?
5
Suppose -3*n = -n - 6, 5*n = 3*r - 366. What is the tens digit of r?
2
Suppose -2*o + 4*o = 20. Let q be 0 - 2 - (-2 + 0). Suppose 5*m + o - 30 = q. What is the units digit of m?
4
Let n(f) = f**2 + 10*f - 7. Let s be n(-11). Suppose s*p - 8 = -m - 1, -2*p = 2*m - 26. What is the tens digit of m?
1
Let x = 5 - -6. What is the units digit of x?
1
Let i = 234 + -88. What is the units digit of i?
6
Suppose 4*d - 405 = -9. What is the units digit of d?
9
Let o be (-4)/(-18) + 94/(-18). Let j(h) = h**3 + 7*h**2 + 6*h + 8. What is the units digit of j(o)?
8
Suppose -72 = 5*v + 2*i + 53, -4*v - 100 = -i. What is the units digit of 1 - (-1 - 1) - v?
8
Suppose -99 = 3*t + 4*o, o + 0 = t + 26. Suppose 5*d - 4*d + 2*p = -25, 5*d + p + 107 = 0. Let y = d - t. What is the units digit of y?
8
Suppose 4*v - 22 = -z, 2*v = 5*z - 4*z + 14. Suppose v*t - 5*t = 14. Let k = t + 3. What is the units digit of k?
7
Let d(w) = -w**3 - 9*w**2 - 8*w + 1. Let p be d(-8). Let u be 0 + p + (-1 - 0). Suppose -49 = -4*h + 5*s, 5*h - s + 12 - 47 = u. What is the units digit of h?
6
Let k(v) = 5*v - 3. Let m be 1/2*6/1. What is the tens digit of k(m)?
1
Suppose 2*a - a = 8. Suppose 4 = 3*f - a. What is the units digit of f?
4
Let s(v) = -7*v**3 + v**2 - v - 1. Let x be s(3). What is the tens digit of ((-3)/(-2))/((-12)/x)?
2
Let i = 8 + 19. Suppose j = -2*u + i, -3*j + 59 = 3*u - 8*u. What is the units digit of j?
3
Suppose 16*y - 20*y = -456. What is the units digit of y?
4
Let f be 2/3 - (-5)/(-3). Let p = f + 2. Let s = p + 0. What is the units digit of s?
1
Let w be (0 + 0 + 0)/(2/2). Suppose 15 = 4*h - 17. Suppose a + w*a = h. What is the units digit of a?
8
Let z(q) = -q**3 - 6*q**2 + 12*q + 3. Suppose -5*p + 0*l - 49 = -3*l, p - 4*l = -20. What is the units digit of z(p)?
5
Let k = 44 - 39. What is the units digit of k?
5
Let q be (-11)/(4/4 + 0). Let t = q - -20. What is the units digit of t?
9
Suppose -i + 285 = 4*i. What is the tens digit of i?
5
Let p be 2*1/(-2) - -1. Let x(r) = -r**2 - 5*r - 2. Let k be x(-4). Suppose p*o = -k*o + 6. What is the units digit of o?
3
Let g(t) = t**3 - 5*t**2 + 6*t - 5. Let x be g(4). Let h be 6 + x/(-3) - 1. Let y = 1 + h. What is the units digit of y?
5
Suppose -6*c = -c. Suppose -4*z - 8 + 20 = c. What is the units digit of z?
3
Suppose -t + 29 = -45. What is the units digit of t?
4
Let s(j) be the second derivative of -j**4/12 + j**3/2 + 2*j**2 + j. Suppose -3*u + 15 = 2*u. What is the units digit of s(u)?
4
Let r be 2*(-1)/(-2)*19. Let o = r - 9. What is the units digit of o?
0
Let w(p) = -p**2 - 10*p - 7. Let k be w(-9). Let h be (-5*(-1 + k))/(-1). Suppose 0*m + 25 = h*m. What is the units digit of m?
5
Let r(m) = m + 2. What is the units digit of r(0)?
2
Let r = -22 + 40. Suppose 150 = r*g - 15*g. What is the tens digit of g?
5
Let r(f) = -f + 7. Let x be r(9). What is the units digit of 10 + 1 + x - 0?
9
Let y(u) = u**3 - u**2 - 2*u - 1. Let l = 4 - 1. What is the tens digit of y(l)?
1
Suppose 0 = 4*m + 3 - 19. Let a = -3 - m. What is the units digit of a/14 - 22/(-4)?
5
Suppose 0 = 10*i - 3635 + 1415. What is the tens digit of i?
2
Let v be ((-6)/(-8))/((-3)/(-36)). Let c(k) = k**3 - 8*k**2 - 9*k + 10. What is the units digit of c(v)?
0
Let h = 4 + -6. Let v(o) = o**2 - o - 2. Let f be v(h). Suppose -f*q + 4*s + 32 + 0 = 0, 40 = 3*q + s. What is the tens digit of q?
1
Let s be (6/9)/(2/(-51)). Let g = 38 + s. What is the units digit of g?
1
Suppose -5 = 4*a - 5*a. Suppose a*d - d - 20 = 0. Suppose d*r + 5*y - 37 = 3*y, -3*y + 24 = 3*r. What is the units digit of r?
7
Let j be (-4)/(-8)*-1*2. Let l(q) = q**3 + q**2 + 1. Let p be l(j). Let v(k) = 7*k + 1. What is the units digit of v(p)?
8
Let w(s) = -s**2 - 34*s - 48. What is the tens digit of w(-23)?
0
Let y(r) = -6*r + 8. Let b be y(-8). Let t = -32 + b. What is the units digit of t?
4
What is the units digit of (-1)/(-1) + -1 + 49?
9
Let z = 28 - 6. What is the tens digit of z?
2
Suppose -4*u = -3*l + 13, 2 - 6 = -l + u. Suppose -4*r + 62 = 2*t, -3*r + 47 = -t + l*t. What is the tens digit of r?
1
Suppose -5 = -2*p - 9. Let r be (2/(-1))/(p/(-75)). What is the units digit of r/(-12) + 2/(-8)?
6
Let h(i) = -8*i**3 + 29*i**2 + 18*i + 17. Let t(q) = 10*q**2 - 2 + 6*q + 7 - 3*q**3 + 1. Let f(o) = 4*h(o) - 11*t(o). What is the units digit of f(-4)?
0
Suppose -4*o = -2*i - 166, -3*i + 17 - 110 = -2*o. What is the units digit of o?
9
Suppose 0*n - 35 = -n. What is the units digit of n?
5
Suppose -3*z + 5*z - 42 = 0. What is the tens digit of z?
2
Let p = 0 - 5. Let o be 1 - p/(10/4). Suppose 0 = o*y + 3 - 30. What is the units digit of y?
9
Suppose 20 + 1 = -3*p. Let i = 8 + p. What is the units digit of i?
1
Let w = 7 + -3. Suppose 5*l - 12 = -w*f, 4*f - 9 - 3 = -l. Let j = f + -1. What is the units digit of j?
2
Let a(q) = -4*q**2 + q + 36. Let b(l) = 5*l**2 - l - 37. Let r(f) = 6*a(f) + 5*b(f). What is the tens digit of r(0)?
3
Suppose -4*n = 5*j - 10, j = 5*j - 3*n - 8. What is the units digit of j?
2
Let x be 10*3/6*70. Suppose 2*v = 7*v - x. Suppose -3*s - 2*y + 17 = 0, 4*s + s - 5*y - v = 0. What is the units digit of s?
9
What is the tens digit of (-2)/(-8) - ((-758)/8 + 0)?
9
Let j be 1352/24 - (-4)/6. Suppose -3*l = -f - 1, 5*f - j = -l + 2. What is the units digit of f?
1
Suppose k - 42 = -6*c + 2*c, 2*c - 3*k - 28 = 0. Suppose a = c - 4. What is the units digit of a?
7
Let d(r) be the first derivative of r**3/3 - 4*r**2 - 9*r + 2. Suppose -13*m = -8*m - 50. What is the units digit of d(m)?
1
Let u(v) = v**2 - 5*v - 3. Let x be u(6). Suppose -x*m + 86 = -4*g, 16 = 3*m + g - 60. What is the tens digit of m?
2
Suppose -3*j = -v + 4*v - 237, 0 = 2*j + 5*v - 161. What is the units digit of j?
8
Let s = -48 + 79. What is the tens digit of s?
3
Suppose 3*h = 3*i + 6, -i + 3*i + 5*h = 24. Suppose -5*x - 2*z + 15 = 0, i*z + 0*z - 12 = -2*x. What is the units digit of x?
1
Let i(q) = -4*q + 4. Let t be i(2). What is the units digit of 32 - (-3 - -19)/t?
6
Let h = 3 + -2. Let j = -100 - -114. Let r = j - h. What is the units digit of r?
3
Suppose 19 = -2*m + 81. What is the units digit of m?
1
Let n = -12 - -17. Suppose -u + 71 = 2*p + 2*p, 0 = -3*p - n*u + 66. What is the units digit of p?
7
Let s(f) = 2*f**2 + 20*f + 7. Let h be s(-13). Suppose 0 = 7*a - 2*a - h. What is the units digit of a?
7
What is the tens digit of 1970/55 + (-4)/(-22)?
3
Let v be ((-2)/4)/((-1)/(-12)). Let s = v + 8. Suppose s*w = 5*w - 69. What is the units digit of w?
3
What is the hundreds digit of 147 + (2 + -7 - -3) - -4?
1
Suppose 4*q - 263 = 4*i + 17, -5*q + 338 = -2*i. What is the tens digit of q?
6
What is the units digit of 3/(-12) + 532/16?
3
Suppose -f - 2*f - 6 = 0. Let o = -9 + 6. What is the units digit of ((-2)/f)/((-1)/o)?
3
Suppose -y + 9 = -2*r, 0 = -3*y + y - 2*r - 6. Let v = 3 + y. Let w = 0 + v. What is the units digit of w?
4
Let v be 17 + -5 - 0/2. Let i = -10 + v. What is the units digit of i?
2
Suppose 3*b = 3, 3*j - 65 = 2*j - 5*b. What is the tens digit of j?
6
Let r(f) = -3 + 1 - 1 + 2*f. What is the units digit of r(3)?
3
What is the tens digit of -26*(-2)/(-16)*-4?
1
Let n be 3 - (3 - (1 + 0)). Let l = n - -2. Suppose 7*a - 32 = l*a. What is the units digit of a?
8
What is the tens digit of 248*(-1)/2*(1 + -2)?
2
What is the tens digit of 8/(-2)*(-208)/64?
1
Suppose 68 = -f - 3*f. Suppose 4*r - 119 = -6*t + 3*t, -2*t + 10 = 0. Let s = r + f. What is the units digit of s?
9
Suppose -2*i + 6 = -0*i + 2*q, -3*i + 3*q + 15 = 0. Suppose 0 = i*s - 10 + 2, -6 = -t + 4*s. What is the tens digit of t?
1
Let f = 25 + -20. What is the units digit of f?
5
Let u(z) = 2*z**2 + 6*z. Let s be u(-4). Let n = s - -5. What is the tens digit of n?
1
Let r be ((-48)/10)/(7/(-35)). Let m = 36 - r. What is the units digit of m?
2
Suppose 5*o + 38 = 2*g, 4 + 2 = o + 3*g. Let f = 7 + o. What is the units digit of f?
1
What is the units digit of (2/6)/(5/90)?
6
Let s = -111 + 204. Suppose 4*f - s = f. What is the units digit of f?
1
Suppose -4*l + 128 = -0*l. What is the tens digit of l?
3
What is the units digit of 860/16 - (